{"id":31,"date":"2013-03-05T22:30:25","date_gmt":"2013-03-05T21:30:25","guid":{"rendered":"http:\/\/www.itxaspe.com\/BlogsDeportes\/preparacion-triatlon-zarautz\/?page_id=31"},"modified":"2013-03-10T20:32:10","modified_gmt":"2013-03-10T19:32:10","slug":"objetivo-del-blog","status":"publish","type":"page","link":"https:\/\/www.itxaspe.com\/BlogsDeportes\/preparacion-triatlon-zarautz\/objetivo-del-blog\/","title":{"rendered":"Objetivo del blog"},"content":{"rendered":"<p>Antes de nada, quiero que sepais que este blog lo hago por placer. Me gusta leer los relatos de las cosas que hemos ido haciendo durante estos a\u00f1os, suele hacerme ilusi\u00f3n re-vivir los momentos ( <a href=\"http:\/\/www.itxaspe.com\/BlogsDeportes\/MaterialDeportivo\/\">blog de itxaspe<\/a>).<\/p>\n<p>En este blog ir\u00e9 poniendo lo que voy haciendo cada semana, como me voy sintiendo y c\u00f3mo voy encontrandome a medida que se acerca el d\u00eda!! No voy a llevar ning\u00fan entrenamiento espec\u00edfico ni nada por el estilo.<\/p>\n<p>Nunca he hecho una prueba de semejante nivel. Si que he hecho varias quebrantahuesos, una maratona en los Dolomitas, maratones de BTT etc&#8230; Pero el triatl\u00f3n de Zarautz me d\u00e1 mucho m\u00e1s respeto que una prueba cicloturista de 200 kil\u00f3metros.<\/p>\n","protected":false},"excerpt":{"rendered":"<p>Antes de nada, quiero que sepais que este blog lo hago por placer. Me gusta leer los relatos de las cosas que hemos ido haciendo durante estos a\u00f1os, suele hacerme ilusi\u00f3n re-vivir los momentos ( blog de itxaspe). En este blog ir\u00e9 poniendo lo que voy haciendo cada semana, como me voy sintiendo y c\u00f3mo [&hellip;]<\/p>\n","protected":false},"author":2,"featured_media":0,"parent":0,"menu_order":0,"comment_status":"open","ping_status":"open","template":"","meta":{"footnotes":""},"class_list":["post-31","page","type-page","status-publish","hentry"],"_links":{"self":[{"href":"https:\/\/www.itxaspe.com\/BlogsDeportes\/preparacion-triatlon-zarautz\/wp-json\/wp\/v2\/pages\/31","targetHints":{"allow":["GET"]}}],"collection":[{"href":"https:\/\/www.itxaspe.com\/BlogsDeportes\/preparacion-triatlon-zarautz\/wp-json\/wp\/v2\/pages"}],"about":[{"href":"https:\/\/www.itxaspe.com\/BlogsDeportes\/preparacion-triatlon-zarautz\/wp-json\/wp\/v2\/types\/page"}],"author":[{"embeddable":true,"href":"https:\/\/www.itxaspe.com\/BlogsDeportes\/preparacion-triatlon-zarautz\/wp-json\/wp\/v2\/users\/2"}],"replies":[{"embeddable":true,"href":"https:\/\/www.itxaspe.com\/BlogsDeportes\/preparacion-triatlon-zarautz\/wp-json\/wp\/v2\/comments?post=31"}],"version-history":[{"count":5,"href":"https:\/\/www.itxaspe.com\/BlogsDeportes\/preparacion-triatlon-zarautz\/wp-json\/wp\/v2\/pages\/31\/revisions"}],"predecessor-version":[{"id":37,"href":"https:\/\/www.itxaspe.com\/BlogsDeportes\/preparacion-triatlon-zarautz\/wp-json\/wp\/v2\/pages\/31\/revisions\/37"}],"wp:attachment":[{"href":"https:\/\/www.itxaspe.com\/BlogsDeportes\/preparacion-triatlon-zarautz\/wp-json\/wp\/v2\/media?parent=31"}],"curies":[{"name":"wp","href":"https:\/\/api.w.org\/{rel}","templated":true}]}}