{"id":50,"date":"2013-02-11T20:27:50","date_gmt":"2013-02-11T19:27:50","guid":{"rendered":"http:\/\/www.itxaspe.com\/BlogsDeportes\/estados-unidos-en-bicicleta\/?page_id=50"},"modified":"2019-04-06T20:27:53","modified_gmt":"2019-04-06T19:27:53","slug":"gastos","status":"publish","type":"page","link":"https:\/\/www.itxaspe.com\/BlogsDeportes\/estados-unidos-en-bicicleta\/gastos\/","title":{"rendered":"GASTOS"},"content":{"rendered":"<p>Aqui iremos poniendo los gastos que nos supone el viaje. Habr\u00e1 muchas cosas que ya teng\u00e1is y no haga falta comprar.. os ponemos lo que nos est\u00e1 saliendo a nosotros.. \ud83d\ude09<\/p>\n<ul>\n<li><strong>Programa de Exenci\u00f3n de Visa (Visa Waiver &#8211; ESTA)<\/strong> : <strong>14 dolares \/ persona<\/strong>. = <strong>28 dolares<\/strong> M\u00e1s informaci\u00f3n : <a title=\"Papeleo viaje EEUU: ESTA , Sistema electr\u00f3nico para la autorizaci\u00f3n de Viaje\" href=\"http:\/\/www.itxaspe.com\/BlogsDeportes\/estados-unidos-en-bicicleta\/papeleo-viaje-eeuu-esta-sistema-electronico-para-la-autorizacion-de-viaje\/\">Papeleo viaje EEUU: ESTA , Sistema electr\u00f3nico para la autorizaci\u00f3n de Viaje<\/a><\/li>\n<\/ul>\n<ul>\n<li><strong>Vuelo Bilbao Nueva York<\/strong> (ida 29 junio 2013 &#8211; vuelta 28 agosto 2013): <strong>1.309,90\u20ac los dos<\/strong>. M\u00e1s informaci\u00f3n en : <a title=\"Vualeo a Nueva York desde Bilbao via Estambul cogido ya\" href=\"http:\/\/www.itxaspe.com\/BlogsDeportes\/estados-unidos-en-bicicleta\/vuelo-a-nueva-york-desde-bilbao-via-estambul-cogido-ya\/\">Vuelo a Nueva York desde Bilbao. V\u00eda Estambul. Cogido ya<\/a><\/li>\n<li><strong>Llevar las bicicletas en el avi\u00f3n<\/strong>: depende de la compa\u00f1ia. En nuestro caso volamos con Turkish airlines y nos saldr\u00e1 90 euros por bicicleta ida y 90 vuelta = <strong>360 euros<\/strong> por llevar las bicicletas&nbsp;<a href=\"http:\/\/www.turkishairlines.com\/en-es\/travel-information\/baggage\/sports-equipment-baggage-charges-and-conditions\" target=\"_blank\" rel=\"noopener noreferrer\">http:\/\/www.turkishairlines.<wbr>com\/en-es\/travel-information\/<wbr>baggage\/sports-equipment-<wbr>baggage-charges-and-conditions<\/a><\/li>\n<li><strong>Renovaci\u00f3n del pasaporte<\/strong>: en nuestro caso tan s\u00f3lo el mio, el de I\u00f1aki sirve. Precio renovaci\u00f3n:<strong> 25.5 euros<\/strong>. Fotos para el pasaporte:<strong> 4&#8217;4\u20ac<\/strong>. Viaje a Donosti: <strong>8.8\u20ac<\/strong> ida y vuelta en autob\u00fas.. \ud83d\ude09<\/li>\n<li><strong>Seguro del viaje:<\/strong>&nbsp;<a href=\"http:\/\/www.itxaspe.com\/BlogsDeportes\/estados-unidos-en-bicicleta\/seguro-del-viaje-cogido-con-trailfinders\/\">http:\/\/www.itxaspe.com\/BlogsDeportes\/estados-unidos-en-bicicleta\/seguro-del-viaje-cogido-con-trailfinders\/<\/a>&nbsp;por un importe de&nbsp;<strong>240,16\u20ac<\/strong><\/li>\n<\/ul>\n<p><strong>Ropa<\/strong><\/p>\n<ul>\n<li><strong>Chaqueta para las noches<\/strong>, yo no ten\u00eda algo muy sufrido y que abrigara y ocupara poco. Chaqueta de 260\u20ac, por 190 euros.<a title=\"Elecci\u00f3n de chaqueta plumas para las noches del viaje con alforjas\" href=\" http:\/\/www.itxaspe.com\/BlogsDeportes\/estados-unidos-en-bicicleta\/eleccion-de-chaqueta-plumas-para-las-noches-del-viaje-con-alforjas\/\">&nbsp;Elecci\u00f3n de chaqueta plumas para las noches del viaje con alforjas<\/a><\/li>\n<li><strong>Bolsa de compresi\u00f3n<\/strong> para la chaqueta: <strong>16.10\u20ac<\/strong><\/li>\n<\/ul>\n<p><strong>Bicicleta y componentes<\/strong><\/p>\n<ul>\n<li><strong>Bicicletas<\/strong>: cogidas 2 mountain bike 29er de freno de disco , las <strong>Cube Aim Disc 29er<\/strong>. 639\u20ac PVP cada = <strong>1278\u20ac<\/strong><\/li>\n<li><strong>Alforjas<\/strong>: de momento comprada una : <a title=\"Vaude Karakorum\" href=\"http:\/\/www.itxaspe.com\/BlogsDeportes\/estados-unidos-en-bicicleta\/eleccion-de-alforjas-para-viaje-vaude-karakorum\/\">Vaude Karakorum<\/a> (<strong>120\u20ac PVP<\/strong>). La otra nos la deja un amigo, unas <strong>Vaude impermeables<\/strong>.&nbsp; <strong>Vaude Top Case (80\u20ac). <\/strong>De manillar<strong>: Vaude Traveller Box: (57\u20ac) <\/strong>. De manillar: <strong>Vaude Aqua Box (90\u20ac). Total en alforjas: 347\u20ac<\/strong><\/li>\n<li>Pedales mixtos: Red Cycling Products Duo System Sport Pedales de bicicletas gris: <b>47,97<\/b>\u20ac los dos pares<\/li>\n<li>Tienda de campa\u00f1a y esterillas ten\u00edamos.. \ud83d\ude09<\/li>\n<\/ul>\n<p><strong>Material vario<\/strong><\/p>\n<ul>\n<li><strong style=\"font-size: 16px;\">Kit de viaje de cocina ultraligero y que ocupe poco<\/strong><span style=\"font-size: 16px;\">: <\/span><a style=\"font-size: 16px;\" title=\"Kit de viaje de cocina ultraligero y que ocupe poco: GSI Outdoors Halulite MicroDualist\" href=\"http:\/\/www.itxaspe.com\/BlogsDeportes\/estados-unidos-en-bicicleta\/kit-de-viaje-de-cocina-ultraligero-y-que-ocupe-poco-gsi-outdoors-halulite-microdualist\/\">GSI Outdoors Halulite MicroDualist<\/a>&nbsp;: 52,72\u20ac puesto en casa.<span style=\"font-size: 16px;\"><br \/>\n<\/span><\/li>\n<li><a title=\"Mini-hornillo ligero de alcohol para cocinar: Trangia compacto\" href=\"http:\/\/www.itxaspe.com\/BlogsDeportes\/estados-unidos-en-bicicleta\/mini-hornillo-ligero-de-alcohol-para-cocinar-trangia-compacto\/\">Mini-hornillo ligero de alcohol para cocinar: Trangia compacto<\/a>: <strong>24,15\u20ac<\/strong> puesto en casa<\/li>\n<li><strong>Sacos de dormir<\/strong>: <a title=\"Sacos de dormir en pareja ligeros \" href=\"http:\/\/www.itxaspe.com\/BlogsDeportes\/estados-unidos-en-bicicleta\/sacos-de-dormir-en-pareja-ligeros-phantom-3d-flex-1\/\">Sacos de dormir en pareja ligeros: Phantom 3D Flex -1<\/a> <strong>478\u20ac<\/strong> los dos puestos en casa<\/li>\n<li>Bolsa de compresi\u00f3n para uno de los sacos(para el otro ten\u00edamos en casa): <strong>16.10\u20ac<\/strong><\/li>\n<\/ul>\n","protected":false},"excerpt":{"rendered":"<p>Aqui iremos poniendo los gastos que nos supone el viaje. Habr\u00e1 muchas cosas que ya teng\u00e1is y no haga falta comprar.. os ponemos lo que nos est\u00e1 saliendo a nosotros.. \ud83d\ude09 Programa de Exenci\u00f3n de Visa (Visa Waiver &#8211; ESTA) : 14 dolares \/ persona. = 28 dolares M\u00e1s informaci\u00f3n : Papeleo viaje EEUU: ESTA [&hellip;]<\/p>\n","protected":false},"author":1,"featured_media":0,"parent":0,"menu_order":4,"comment_status":"open","ping_status":"open","template":"","meta":{"footnotes":""},"class_list":["post-50","page","type-page","status-publish","hentry"],"_links":{"self":[{"href":"https:\/\/www.itxaspe.com\/BlogsDeportes\/estados-unidos-en-bicicleta\/wp-json\/wp\/v2\/pages\/50","targetHints":{"allow":["GET"]}}],"collection":[{"href":"https:\/\/www.itxaspe.com\/BlogsDeportes\/estados-unidos-en-bicicleta\/wp-json\/wp\/v2\/pages"}],"about":[{"href":"https:\/\/www.itxaspe.com\/BlogsDeportes\/estados-unidos-en-bicicleta\/wp-json\/wp\/v2\/types\/page"}],"author":[{"embeddable":true,"href":"https:\/\/www.itxaspe.com\/BlogsDeportes\/estados-unidos-en-bicicleta\/wp-json\/wp\/v2\/users\/1"}],"replies":[{"embeddable":true,"href":"https:\/\/www.itxaspe.com\/BlogsDeportes\/estados-unidos-en-bicicleta\/wp-json\/wp\/v2\/comments?post=50"}],"version-history":[{"count":23,"href":"https:\/\/www.itxaspe.com\/BlogsDeportes\/estados-unidos-en-bicicleta\/wp-json\/wp\/v2\/pages\/50\/revisions"}],"predecessor-version":[{"id":2810,"href":"https:\/\/www.itxaspe.com\/BlogsDeportes\/estados-unidos-en-bicicleta\/wp-json\/wp\/v2\/pages\/50\/revisions\/2810"}],"wp:attachment":[{"href":"https:\/\/www.itxaspe.com\/BlogsDeportes\/estados-unidos-en-bicicleta\/wp-json\/wp\/v2\/media?parent=50"}],"curies":[{"name":"wp","href":"https:\/\/api.w.org\/{rel}","templated":true}]}}